 6. What is x(q)?
0
Let b(p) = 3*p + 14. Let t be b(-4). Let m(w) = 2*w**3 - 3*w**2 + 2*w - 1. Let c be m(t). Let r(u) = -u**2 - 17*u + 5 + 25*u - 7. What is r(c)?
5
Let b = -5702 - -5700. Let u(v) = v**2 + 13*v + 25. Give u(b).
3
Let b(n) = n**2 + 67*n - 1152. Let h be b(-81). Let p(k) = k**3 + 19*k**2 + 27*k + 10. Calculate p(h).
-152
Let g(z) be the second derivative of z**8/3360 + z**7/840 - z**6/240 + z**5/60 + 5*z**4/4 - 10*z - 1. Let i(q) be the third derivative of g(q). Calculate i(-3).
-16
Suppose 2*c - i - 2 = 0, 2*c + 10*i = 7*i - 14. Let g(u) = -u**3 - 6*u + u**2 - 3*u**3 + 1 - 6*u + 13*u. Give g(c).
5
Let o = 1402 + -1403. Let n(m) = 12*m**3 - m**2. Determine n(o).
-13
Let d(n) = -20*n**3 - n**2 + 80*n - 160. Let l(x) = -7*x**3 + 26*x - 57. Let r(t) = 6*d(t) - 17*l(t). What is r(4)?
1
Suppose p = 7*p - 18. Suppose -8*t + p*t = -175. Let b = -34 + t. Let h(d) = -d. Calculate h(b).
-1
Suppose -3*t = f - 34, -t - 7 = -3*f - 5. Let q(g) = -4 - 15*g - g**2 + 4*g + t*g. Determine q(0).
-4
Let l be (3/(-5))/(192/40 + -5). Suppose 9 = -2*u + 3*w - l, -3*w + 12 = 4*u. Let q(v) = 6*v + 31. Let n(b) = b + 1. Let d(x) = 5*n(x) - q(x). What is d(u)?
-26
Let x(j) be the second derivative of -j**5/20 - j**4/3 + j**3 + 9*j**2/2 - 808*j. Calculate x(-5).
4
Let q = -179 + 147. Let o be 2 + 1 - (q + 48). Let m(h) = -h**3 - 12*h**2 + 13*h + 9. Determine m(o).
9
Let o(j) = -21*j + 23. Let t(h) = 38*h - 51. Let n(f) = 9*o(f) + 5*t(f). Give n(0).
-48
Let p(h) = -h**2 + 8*h - 4. Suppose 0 = 2*r - 17 - 1. Suppose -5*y - 15 = -m, 2*m - 3*m + r = -2*y. What is p(m)?
11
Suppose 5*h - 4*k = 145, h + k + 55 = 3*h. Let u = h + -28. Let q(i) = i**3 + 6*i**2 - 2*i + 4. What is q(u)?
37
Let j(z) be the second derivative of -1/3*z**4 + 12 + z + z**3 + 7/2*z**2 - 1/20*z**5. Determine j(-5).
2
Let k(b) = 3*b + 1. Let y = 1066 - 1065. Determine k(y).
4
Let j(c) = -c**2 + 26*c - 102. Let h be j(21). Let v(o) = 7*o - o + 2*o**3 - 3*o**h + 3 - 10*o**2 - 14*o. Determine v(-9).
-6
Let b be (-15)/(360/(-16))*-3. Let l(y) = y**3 + 2 + 3*y + 3*y**2 + 1 + 0*y**3. Give l(b).
1
Let f = -1082 - -1074. Let i(s) be the second derivative of -s**4/24 - 3*s**3/2 + 3*s**2 + 2*s. Let p(a) be the first derivative of i(a). What is p(f)?
-1
Let m(d) = -32*d + 45. Let s(j) = 21*j - 22. Let h(c) = 3*m(c) + 5*s(c). Give h(-3).
-2
Suppose u + l + 25 = -21, 5*u + 4*l + 225 = 0. Let p = -38 - u. Let a(q) = -1 - 2*q + 2 + p. What is a(3)?
-2
Let k(n) = -2*n - 9. Let a be k(-4). Let r(t) be the third derivative of 0*t + 2/3*t**4 + 0 + 1/6*t**3 - 17*t**2. Give r(a).
-15
Let q(v) be the third derivative of 13*v**5/20 - v**4/24 + v**3/6 - 3*v**2 - 45. Determine q(1).
39
Let a(v) = v**3 + 4*v**2 + 2*v + 3. Let r be (-704)/4 - ((1 - 2) + -1). Let x be (-8)/12 + r/9. Let p = -24 - x. Give a(p).
-5
Let o(p) = 16*p**3 - 6*p**2 + 15*p + 1. Let q(k) = 22*k**3 - 9*k**2 + 22*k + 2. Let b(m) = 7*o(m) - 5*q(m). Let i be (1/(-2))/(2/12). Calculate b(i).
-15
Let b(c) = c + 45. Let k be ((580/(-40))/1)/(2/4). Give b(k).
16
Suppose 13*r - 10*r - 153 = 0. Let d be 24/84*(r + -2). Let m(k) = -k**3 + 13*k**2 + 14*k + 5. Calculate m(d).
5
Let x(t) = 0*t + 13*t**2 + 0*t - t. Suppose 0 = 4*m - 5*l - 17, -8*m + l - 11 = -12*m. Suppose -m*q = 5*j + 8, -6*j = -7*j + 3*q + 2. Calculate x(j).
14
Let s(p) = p - 6. Let m(a) = -a + 5. Let i(b) = 4*m(b) + 5*s(b). Suppose -20*u = 4*z - 24*u - 16, 8 = 2*u. Calculate i(z).
-2
Let x(t) be the third derivative of -t**6/120 + 2*t**5/15 - 11*t**4/24 + 7*t**3/6 - 517*t**2. Suppose 4*i - 34 = -2*h, 6*i - 26 = -3*h + 5*i. Give x(h).
-21
Let b(a) = -4*a - 31. Suppose 2*z - 97*m + 36 = -95*m, -20 = -5*m. What is b(z)?
25
Let p(o) = o**3 - 3*o**2 + o - 4. Let y be p(3). Let k(b) = -b**2 - b + 1. Let n(j) = 5*j**2 + 14*j + 5. Let w(u) = y*n(u) - 6*k(u). Give w(9).
-2
Let n(m) = m**3 + 2*m - 706 + 331 + 329 - 23*m**2. Give n(23).
0
Suppose 3*r + 38 = 55*q - 53*q, 3*q + 4*r - 74 = 0. Let x(s) = -3*s + 82. What is x(q)?
16
Let m(d) be the second derivative of d**5/20 - 3*d**4/4 + 5*d**3/6 - 6*d + 54. What is m(8)?
-24
Suppose 6*f - 21 - 3 = 0. Let g(j) = -7*j**2 - 9*j + 5. Let u(d) = -14*d**2 - 20*d + 11. Let y(z) = f*u(z) - 9*g(z). Let b = -2 + 3. Calculate y(b).
7
Let t(d) = d**2 - 3*d + 1 - d**3 + d - d**3. Let x(r) = 5*r - 3. Let q(u) = -7*u + 2. Let y(h) = -2*q(h) - 3*x(h). Let s be y(4). Determine t(s).
-2
Let w(s) be the second derivative of -s**3 + s**2/2 - 67*s + 2. Suppose 26 = 5*f + 11. What is w(f)?
-17
Let q(p) = p + 3. Let t be q(4). Suppose -17*c + 20 = -t*c. Let j(s) = 0*s**3 - s**3 + s**2 - 1 - 4*s + 4. Calculate j(c).
-9
Suppose -q + 36 = 3*g, 5*q + 0*g - 191 = -4*g. Let n = -43 + q. Let w be (5/4)/((-1)/n). Let s(a) = -a**2 + 5*a + 4. Give s(w).
4
Let g(n) be the second derivative of -n**4/4 - 2*n**3/3 - 7*n**2/2 + 46*n. Let p be g(-2). Let a(o) = -o**3 - 10*o**2 + 11*o - 4. Determine a(p).
-4
Suppose 86 = 4*z + 678. Let l = z - -151. Let q(j) = j**3 - 3*j**2 + 2*j + 1. Determine q(l).
7
Let w(f) = f**3 - 2*f**2 - 4*f + 4. Let g be w(3). Suppose -g = c - 6. Let k(n) = -8*n**2 - 9 + n**3 - c + 5 + 9*n. What is k(7)?
5
Suppose q + 4*r = -3*q - 20, -4*q - 12 = -4*r. Let y(c) be the third derivative of -c**4/8 - c**3/3 + 26*c**2 + 35*c - 3. Give y(q).
10
Let u(b) = 5*b**2 - 16*b + 20. Let a(f) be the third derivative of f**5/60 - f**4/6 + 5*f**3/6 + f**2 - 81*f. Let v(p) = -9*a(p) + 2*u(p). Determine v(-5).
0
Let y = -45 - -107. Suppose -2*p - 67 = 3*p - 4*i, -4*p = i + y. Let v(m) = m**3 + 16*m**2 + 15*m. Calculate v(p).
0
Let k(a) = a**3 + 11*a**2 + 9*a - 8. Let x(r) = r**3 + 11*r**2 + 3*r + 23. Let f = 51 + -51. Let d be (-1)/((-2)/(-22) - f). Let q be x(d). Give k(q).
2
Let g = 207 - 203. Let k(s) = s - 17 + 3*s**2 - g*s**2 - 23 + 31. Determine k(0).
-9
Let a(g) = 4*g + 23. Suppose 63*l = 57*l - 36. Let y(s) = 5*s + 29. Let h(f) = l*a(f) + 5*y(f). Determine h(3).
10
Let n(c) = 3*c**3 + 9*c - 2*c**3 + 35*c**2 - 27*c**2 + 5 + 3. Let w(a) = -a**2 - 30*a + 129. Let b be w(-34). Give n(b).
-6
Let l(m) = -2*m**2 + 24*m - 39. Let z(w) = -7*w**2 - w**2 + 9*w**2 + 12*w - 20 - 2*w**2. Let p(k) = -6*l(k) + 11*z(k). Give p(11).
3
Let p(o) = o**3 - 2*o**2 - o - 10. Let l be p(0). Let m(i) = i**3 + 9*i**2 - 9*i + 12. What is m(l)?
2
Suppose 0 = -5*o - 8*t - 167, -5*t = -47*o + 45*o - 34. Let r(m) = 4*m + 100. Determine r(o).
-8
Let c(y) be the third derivative of -5*y**4/4 - 17*y**3/6 - 724*y**2. What is c(-4)?
103
Let w(q) be the second derivative of q**5/2 + q**4/4 - q**3/3 - 2*q**2 + 939*q. Calculate w(2).
84
Let p(d) be the second derivative of 2*d**5/5 + d**4/12 + d**3/2 + d**2 + 6766*d. Suppose 5*o + 2*v + 9 = 0, 3*o - 1 = -2*o + 3*v. Give p(o).
-8
Let h(o) = 7*o**2 - 8*o - 24. Let c(g) = -g**2 + 9*g + 4. Let m(j) = 3*c(j) + h(j). Calculate m(-5).
-7
Let h = 204 + -201. Let z(i) = 15*i - 20 + h*i - 17*i. Calculate z(0).
-20
Let m(n) = -1. Let d(c) be the first derivative of 2*c**2 + 5*c + 112. Let t(u) = -d(u) - 4*m(u). Determine t(3).
-13
Let l = -3 - -3. Let k(i) be the third derivative of 0 - 4*i**2 + 3*i - 1/2*i**3 - 1/60*i**5 + 1/24*i**4. Determine k(l).
-3
Let w(i) be the first derivative of i**3/3 + 3*i**2 + 5*i + 22028. Suppose -5*p - 4*f + 5 = 48, -4*p = 2*f + 32. Determine w(p).
12
Let q(o) = 2*o**2 - 20*o - 20. Let n be ((-22)/33)/((-6)/99). Let p be q(n). Let v(z) = 4*z**2 - 1. What is v(p)?
15
Let a(h) be the third derivative of 7*h**4/8 - 5*h**3/2 - 115*h**2. Calculate a(-4).
-99
Let u(x) = 70*x + 30. Let i be u(-5). Let t = 316 + i. Let o(a) = -a**3 - 6*a**2 + a + 5. Calculate o(t).
-31
Let f(j) = -j**2 - 6*j + 7. Let o be (-96 - 84)*3*3/18. Let x be 10/(2*(-3)/57). Let l = x - o. Calculate f(l).
12
Let t(b) = -2*b**3 + 2*b**2 + b. Let p(m) = -m**2 - 2*m + 23. Let l = -85 - -88. Suppose 2*g - 8 = -3*c, -l*c - 14 + 2 = -3*g. Let f be p(g). Determine t(f).
3
Let l(o) = 26*o**3 - 19*o**2 - 21*o - 32. Let n(k) = -8*k**3 + 7*k**2 + 7*k + 11. Let s(r) = -4*l(r) - 11*n(r). Give s(-1).
15
Let x be (4/(-15))/(99/495)*-1*15. Let y(w) = -w**3 + 19*w**2 + 19*w + 19. What is y(x)?
-1
Suppose 1586*s = -h + 1582*s + 31, 4*h = -s + 4. Let d(l) = -13*l**2 + 3*l - 1. Give d(h).
-17
Let o(l) be the second derivative of l**5/10 - 31*l**4/12 - 5*l**3/2 - 37*l**2/2 - 113*l + 4. Give o(16